{"id":185,"date":"2025-04-15T21:19:14","date_gmt":"2025-04-15T19:19:14","guid":{"rendered":"https:\/\/kdu-ivanovice.cz\/?page_id=185"},"modified":"2025-04-15T21:19:15","modified_gmt":"2025-04-15T19:19:15","slug":"co-se-podarilo-vasim-zastupitelum-za-kdu-csl","status":"publish","type":"page","link":"https:\/\/kdu-ivanovice.cz\/?page_id=185","title":{"rendered":"Co se poda\u0159ilo Va\u0161im zastupitel\u016fm za KDU &#8211; \u010cSL"},"content":{"rendered":"\n<p>2025 \u2013 Rekonstrukce ulice Hat\u011b. Studie rekonstrukce ulice Hat\u011b od ulice Fedrova po \u010ceskou. Ji\u017e<br>v\u00a0roce 2023 jsme navrhovali, aby byla provedena studie rekonstrukce ulice Hat\u011b (nebylo schv\u00e1leno na<br>zastupitelstvu 06\/2023). V\u00a0leto\u0161n\u00edm roce (2025) se poda\u0159ilo vypsat v\u00fdb\u011brov\u00e9 \u0159\u00edzen\u00ed na studii<br>rekonstrukce Hat\u011b. Podm\u00ednkou pro rekonstrukci je odkup soukrom\u00fdch pozemk\u016f v\u010detn\u011b pozemk\u016f,<br>kter\u00e9 vlastn\u00ed obec \u010cesk\u00e1. Jedn\u00e1n\u00ed o odkupu vedou zastupitel\u00e9 KDU v\u010detn\u011b jedn\u00e1n\u00ed s\u00a0obc\u00ed \u010cesk\u00e1. Va\u0161i<br>zastupitel\u00e9 za KDU<\/p>\n\n\n\n<p>2025 \u2013 \u00daklid Ivanovic. Na rok 2025 byla op\u011bt vyps\u00e1na zak\u00e1zka na gener\u00e1ln\u00ed \u00faklid, ale z&nbsp;d\u016fvodu<br>pozdn\u00edho vyps\u00e1n\u00ed a tak\u00e9 ceny se rozhodlo, \u017ee bude zaji\u0161t\u011bno sv\u00e9pomoci. I p\u0159esto, \u017ee byl p\u0159ijat nov\u00fd<br>pracovn\u00edk na \u00fadr\u017ebu, tak uklidit cel\u00e9 Ivanovice nen\u00ed v&nbsp;sil\u00e1ch zam\u011bstnanc\u016f \u00fa\u0159adu a proto na z\u00e1klad\u011b<br>podn\u011btu zastupitel\u016f KDU byla oslovena firma SOUKUP MILO\u0160, kter\u00e1 zajist\u00ed \u010d\u00e1ste\u010dn\u00fd \u00faklid tam, kde lze<br>strojn\u011b \u00faklid prov\u00e9st. Ostatn\u00ed \u010d\u00e1sti budou uklizeny pracovn\u00edky \u00fa\u0159adu. Va\u0161i zastupitel\u00e9 za KDU<\/p>\n\n\n\n<p>2025 \u2013 P\u0159ijet\u00ed dal\u0161\u00edho pracovn\u00edka na \u00fadr\u017ebu Ivanovic. Na z\u00e1klad\u011b podn\u011bt\u016f zastupitel\u016f KDU byl<br>k&nbsp;1.1.2025 p\u0159ijat nov\u00fd pracovn\u00edk pro pot\u0159eby \u00fadr\u017eby, \u00faklidu a v\u0161eho co je t\u0159eba v&nbsp;obci \u0159e\u0161it. Va\u0161i<br>zastupitel\u00e9 za KDU<\/p>\n\n\n\n<p>2024 \u2013 Oprava kotle v&nbsp;Keram\u00e1ku. Jak jist\u011b v\u00edte, tak kotel na podzim po spu\u0161t\u011bn\u00ed topn\u00e9 sez\u00f3ny p\u0159estal<br>fungovat. I p\u0159esto, \u017ee servisn\u00ed technik ji\u017e d\u0159\u00edve upozornil na nutnost v\u00fdm\u011bny kotle, tak se tak nestalo a<br>t\u00e9m\u011b\u0159 2 m\u011bs\u00edce kotel netopil. Vzhledem k&nbsp;tomu, \u017ee nebyla oprava d\u016frazn\u011b po\u017eadov\u00e1na, tak<br>dodavatel opravu odkl\u00e1dal. A\u017e na n\u00e1tlak zastupitele KDU servisn\u00ed technik p\u0159ijel n\u00e1sleduj\u00edc\u00ed den a<br>opravu provedl. Va\u0161i zastupitel\u00e9 za KDU<\/p>\n\n\n\n<p>2024 \u2013 Dohoda s&nbsp;majitelem pozemk\u016f nad ko\u0148mi na poln\u00ed cest\u011b do Medl\u00e1nek. Zastupiteli KDU se<br>poda\u0159ilo dohodnout s&nbsp;majitelem pozemk\u016f, kter\u00fd je pod cestou, kter\u00e1 spojuje ulici Pokorovu s&nbsp;cestou<br>za kas\u00e1rnami v&nbsp;\u0158e\u010dkovic\u00edch, \u017ee by pozemek prodal do majetku m\u011bsta, aby mohla b\u00fdt prodlou\u017eena<br>zpevn\u011bn\u00e1 cesta \u201eokolo kon\u00ed\u201c. M\u011bsto nab\u00eddlo cenu, kter\u00e1 je bohu\u017eel pro majitele neakceptovateln\u00e1,<br>tak\u017ee je nutn\u00e9 vyjednat podm\u00ednky, kter\u00e9 budou pro ob\u011b strany p\u0159ijateln\u00e9. Va\u0161i zastupitel\u00e9 za KDU<\/p>\n\n\n\n<p>2024 \u2013 kontrola pln\u011bn\u00ed \u00fakol\u016f zastupitelstva. Poda\u0159ilo se prosadit, \u017ee ze z\u00e1pis\u016f jedn\u00e1n\u00ed jednotliv\u00fdch<br>zastupitelstev bude po\u0159\u00edzen i soupis \u00fakol\u016f, kter\u00e9 budou v\u017edy na za\u010d\u00e1tku jedn\u00e1n\u00ed zastupitelstva<br>kontrolov\u00e1ny. Va\u0161i zastupitel\u00e9 za KDU<\/p>\n\n\n\n<p>2024 \u2013 \u00daklid Ivanovic. Na\u0161i zastupitel\u00e9 ji\u017e ihned po zvolen\u00ed do zastupitelstva M\u010c Brno \u2013 Ivanovice<br>p\u0159ipravili koncepci \u00faklidu v&nbsp;na\u0161\u00ed m\u011bstsk\u00e9 \u010d\u00e1sti viz sekce na\u0161eho webu koncepce a n\u00e1vrhy, ale st\u00e1vaj\u00edc\u00ed<br>veden\u00ed celkov\u00fd \u00faklid nepova\u017euje za d\u016fle\u017eit\u00fd. Nakonec se v&nbsp;roce 2024 poda\u0159ilo jarn\u00ed \u00faklid zajistit<br>extern\u00ed firmou SLU\u017dBY MINKS s.r.o. Va\u0161i zastupitel\u00e9 za KDU<\/p>\n\n\n\n<p>2023 \u2013 Chodn\u00edk k&nbsp;Jezer\u016fvk\u00e1m. J. \u0160umbera zajistil dohodu s&nbsp;vlastn\u00edky pozemku parcela \u010d\u00edslo 1035\/92<br>k.\u00fa. Ivanovive o prodeji \u010d\u00e1sti pozemku, aby bylo mo\u017en\u00e9 dokon\u010den\u00ed chodn\u00edku mezi ulicemi U K\u0159\u00ed\u017eku a<br>Jezer\u016fvky. Bohu\u017eel chodn\u00edk mezi ulicemi U K\u0159\u00ed\u017eku a Jezer\u016fvky nebylo mo\u017en\u00e9 dokon\u010dit, jeliko\u017e byl<br>v&nbsp;soukrom\u00e9m vlastnictv\u00ed. J. \u0160umberovi se poda\u0159ilo dohodnout s&nbsp;vlastn\u00edky na \u010d\u00e1ste\u010dn\u00e9m odprodeji<br>pozemku, kter\u00fd je ji\u017e nyn\u00ed ve vlastnictv\u00ed m\u011bsta Brna a bude tak mo\u017en\u00e9 chodn\u00edk dokon\u010dit. Va\u0161i<br>zastupitel\u00e9 za KDU<\/p>\n\n\n\n<p><\/p>\n\n\n\n<figure class=\"wp-block-image size-full is-resized\"><img loading=\"lazy\" decoding=\"async\" width=\"945\" height=\"757\" src=\"https:\/\/kdu-ivanovice.cz\/wp-content\/uploads\/2025\/04\/image.png\" alt=\"\" class=\"wp-image-186\" style=\"width:856px;height:auto\" srcset=\"https:\/\/kdu-ivanovice.cz\/wp-content\/uploads\/2025\/04\/image.png 945w, https:\/\/kdu-ivanovice.cz\/wp-content\/uploads\/2025\/04\/image-300x240.png 300w, https:\/\/kdu-ivanovice.cz\/wp-content\/uploads\/2025\/04\/image-768x615.png 768w\" sizes=\"auto, (max-width: 945px) 100vw, 945px\" \/><\/figure>\n\n\n\n<p>2023 \u2013 \u00daprava odstavn\u00e9 plochy na ulici \u0158e\u010dkovick\u00e1. Obyvatel\u00e9 ulice \u0158e\u010dkovick\u00e1 se obr\u00e1tili na \u00fa\u0159ad M\u010c<br>Ivanovice s&nbsp;\u017e\u00e1dost\u00ed o revitalizaci plochy vpravo vedle komunikace na ulici \u0158e\u010dkovick\u00e1 ve sm\u011bru od u<br>Ivanovic k&nbsp;p\u0159ivad\u011b\u010di. Bohu\u017eel jejich \u017e\u00e1dost nebyla vysly\u0161ena, proto zastupitel\u00e9 KDU zajistili souhlas na<br>jedn\u00e1n\u00ed zastupitelstva 21.6.2023, aby mohli obyvatel\u00e9 sv\u00e9pomoci vys\u00e1zet ke\u0159e a tr\u00e1vu na ji\u017en\u00ed svah p\u0159i<br>t\u00e9to ulici. Nyn\u00ed tam ji\u017e neparkuj\u00ed auta a nen\u00ed plocha vyu\u017e\u00edv\u00e1na jako odpadkov\u00fd ko\u0161. T\u00edmto tak\u00e9<br>d\u011bkujeme obyvatel\u016fm ulice \u0158e\u010dkovick\u00e1, \u017ee zkr\u00e1\u0161lili okol\u00ed vjezdu do Ivanovic. Va\u0161i zastupitel\u00e9 za KDU<\/p>\n\n\n\n<figure class=\"wp-block-image size-full is-resized\"><img loading=\"lazy\" decoding=\"async\" width=\"881\" height=\"472\" src=\"https:\/\/kdu-ivanovice.cz\/wp-content\/uploads\/2025\/04\/image-1.png\" alt=\"\" class=\"wp-image-187\" style=\"width:872px;height:auto\" srcset=\"https:\/\/kdu-ivanovice.cz\/wp-content\/uploads\/2025\/04\/image-1.png 881w, https:\/\/kdu-ivanovice.cz\/wp-content\/uploads\/2025\/04\/image-1-300x161.png 300w, https:\/\/kdu-ivanovice.cz\/wp-content\/uploads\/2025\/04\/image-1-768x411.png 768w\" sizes=\"auto, (max-width: 881px) 100vw, 881px\" \/><\/figure>\n\n\n\n<p>2023 \u2013 Rekonstrukce obecn\u00ed hospody v&nbsp;Keram\u00e1ku. Na z\u00e1klad\u011b podn\u011bt\u016f zastupitel\u016f KDU bylo<br>ustoupeno od \u00fapravy uveden\u00fdch prostor pro ubytov\u00e1n\u00ed Ukrajinsk\u00fdch uprchl\u00edk\u016f a prostory se upravily<br>pro pot\u0159eby ob\u010dan\u016f, krou\u017ek\u016f apod. Va\u0161i zastupitel\u00e9 za KDU<\/p>\n\n\n\n<p>2023 \u2013 P\u0159\u00edprava rekonstrukce ulice Hat\u011b. Zastupitel\u016fm KDU se poda\u0159ilo dohodnout zam\u011b\u0159en\u00ed ulice<br>Hat\u011b, jako nutn\u00fd p\u0159edpoklad pro p\u0159\u00edpravu projektov\u00e9 dokumentace pro rekonstrukci ulice Hat\u011b. Va\u0161i<br>zastupitel\u00e9 za KDU<\/p>\n\n\n\n<p>2023 \u2013 Rekonstrukce ulice Jezer\u016fvky. Uvoln\u011bn\u00ed blokace pozemk\u016f na ulici Jezer\u016fvky, aby mohla b\u00fdt<br>provedena rekonstrukce povrchu komunikace na ulici Jezer\u016fvky. J. \u0160umbera dohodnul s&nbsp;p\u016fvodn\u00edm<br>majitelem pozemku p.\u010d. 1127\/2 p\u0159evod pozemku do majetku m\u011bsta Brna a t\u00edm do\u0161lo k&nbsp;odblokov\u00e1n\u00ed<br>mo\u017enosti dokon\u010dit fin\u00e1ln\u00ed povrch komunikace. My jsme uvolnili mo\u017enost dokon\u010den\u00ed povrchu<br>komunikace, te\u010f je na veden\u00ed radnice, jestli zajist\u00ed opravu t\u00e9to komunikace. Pokud nebude zaji\u0161t\u011bno,<br>tak se o to op\u011bt postar\u00e1me. Va\u0161i zastupitel\u00e9 za KDU<\/p>\n\n\n\n<figure class=\"wp-block-image size-full is-resized\"><img loading=\"lazy\" decoding=\"async\" width=\"944\" height=\"489\" src=\"https:\/\/kdu-ivanovice.cz\/wp-content\/uploads\/2025\/04\/image-2.png\" alt=\"\" class=\"wp-image-188\" style=\"width:852px;height:auto\" srcset=\"https:\/\/kdu-ivanovice.cz\/wp-content\/uploads\/2025\/04\/image-2.png 944w, https:\/\/kdu-ivanovice.cz\/wp-content\/uploads\/2025\/04\/image-2-300x155.png 300w, https:\/\/kdu-ivanovice.cz\/wp-content\/uploads\/2025\/04\/image-2-768x398.png 768w\" sizes=\"auto, (max-width: 944px) 100vw, 944px\" \/><\/figure>\n","protected":false},"excerpt":{"rendered":"<p>2025 \u2013 Rekonstrukce ulice Hat\u011b. Studie rekonstrukce ulice Hat\u011b od ulice Fedrova po \u010ceskou. Ji\u017ev\u00a0roce 2023 jsme navrhovali, aby byla provedena studie rekonstrukce ulice Hat\u011b (nebylo schv\u00e1leno nazastupitelstvu 06\/2023). V\u00a0leto\u0161n\u00edm roce (2025) se poda\u0159ilo vypsat v\u00fdb\u011brov\u00e9 \u0159\u00edzen\u00ed na studiirekonstrukce Hat\u011b. Podm\u00ednkou pro rekonstrukci je odkup soukrom\u00fdch pozemk\u016f v\u010detn\u011b pozemk\u016f,kter\u00e9 vlastn\u00ed obec \u010cesk\u00e1. Jedn\u00e1n\u00ed o odkupu&hellip;&nbsp;<a href=\"https:\/\/kdu-ivanovice.cz\/?page_id=185\" class=\"\" rel=\"bookmark\">\u010c\u00edst d\u00e1le &raquo;<span class=\"screen-reader-text\">Co se poda\u0159ilo Va\u0161im zastupitel\u016fm za KDU &#8211; \u010cSL<\/span><\/a><\/p>\n","protected":false},"author":1,"featured_media":0,"parent":0,"menu_order":0,"comment_status":"closed","ping_status":"closed","template":"","meta":{"neve_meta_sidebar":"","neve_meta_container":"","neve_meta_enable_content_width":"","neve_meta_content_width":0,"neve_meta_title_alignment":"","neve_meta_author_avatar":"","neve_post_elements_order":"","neve_meta_disable_header":"","neve_meta_disable_footer":"","neve_meta_disable_title":"","footnotes":""},"class_list":["post-185","page","type-page","status-publish","hentry"],"_links":{"self":[{"href":"https:\/\/kdu-ivanovice.cz\/index.php?rest_route=\/wp\/v2\/pages\/185","targetHints":{"allow":["GET"]}}],"collection":[{"href":"https:\/\/kdu-ivanovice.cz\/index.php?rest_route=\/wp\/v2\/pages"}],"about":[{"href":"https:\/\/kdu-ivanovice.cz\/index.php?rest_route=\/wp\/v2\/types\/page"}],"author":[{"embeddable":true,"href":"https:\/\/kdu-ivanovice.cz\/index.php?rest_route=\/wp\/v2\/users\/1"}],"replies":[{"embeddable":true,"href":"https:\/\/kdu-ivanovice.cz\/index.php?rest_route=%2Fwp%2Fv2%2Fcomments&post=185"}],"version-history":[{"count":1,"href":"https:\/\/kdu-ivanovice.cz\/index.php?rest_route=\/wp\/v2\/pages\/185\/revisions"}],"predecessor-version":[{"id":189,"href":"https:\/\/kdu-ivanovice.cz\/index.php?rest_route=\/wp\/v2\/pages\/185\/revisions\/189"}],"wp:attachment":[{"href":"https:\/\/kdu-ivanovice.cz\/index.php?rest_route=%2Fwp%2Fv2%2Fmedia&parent=185"}],"curies":[{"name":"wp","href":"https:\/\/api.w.org\/{rel}","templated":true}]}}

Co se podařilo Vašim zastupitelům za KDU &#8211; ČSL

<p>2025 – Rekonstrukce ulice Hatě. Studie rekonstrukce ulice Hatě od ulice Fedrova po Českou. Již<br>v roce 2023 jsme navrhovali, aby byla provedena studie rekonstrukce ulice Hatě (nebylo schváleno na<br>zastupitelstvu 06/2023). V letošním roce (2025) se podařilo vypsat výběrové řízení na studii<br>rekonstrukce Hatě. Podmínkou pro rekonstrukci je odkup soukromých pozemků včetně pozemků,<br>které vlastní obec Česká. Jednání o odkupu vedou zastupitelé KDU včetně jednání s obcí Česká. Vaši<br>zastupitelé za KDU</p>



<p>2025 – Úklid Ivanovic. Na rok 2025 byla opět vypsána zakázka na generální úklid, ale z&nbsp;důvodu<br>pozdního vypsání a také ceny se rozhodlo, že bude zajištěno svépomoci. I přesto, že byl přijat nový<br>pracovník na údržbu, tak uklidit celé Ivanovice není v&nbsp;silách zaměstnanců úřadu a proto na základě<br>podnětu zastupitelů KDU byla oslovena firma SOUKUP MILOŠ, která zajistí částečný úklid tam, kde lze<br>strojně úklid provést. Ostatní části budou uklizeny pracovníky úřadu. Vaši zastupitelé za KDU</p>



<p>2025 – Přijetí dalšího pracovníka na údržbu Ivanovic. Na základě podnětů zastupitelů KDU byl<br>k&nbsp;1.1.2025 přijat nový pracovník pro potřeby údržby, úklidu a všeho co je třeba v&nbsp;obci řešit. Vaši<br>zastupitelé za KDU</p>



<p>2024 – Oprava kotle v&nbsp;Keramáku. Jak jistě víte, tak kotel na podzim po spuštění topné sezóny přestal<br>fungovat. I přesto, že servisní technik již dříve upozornil na nutnost výměny kotle, tak se tak nestalo a<br>téměř 2 měsíce kotel netopil. Vzhledem k&nbsp;tomu, že nebyla oprava důrazně požadována, tak<br>dodavatel opravu odkládal. Až na nátlak zastupitele KDU servisní technik přijel následující den a<br>opravu provedl. Vaši zastupitelé za KDU</p>



<p>2024 – Dohoda s&nbsp;majitelem pozemků nad koňmi na polní cestě do Medlánek. Zastupiteli KDU se<br>podařilo dohodnout s&nbsp;majitelem pozemků, který je pod cestou, která spojuje ulici Pokorovu s&nbsp;cestou<br>za kasárnami v&nbsp;Řečkovicích, že by pozemek prodal do majetku města, aby mohla být prodloužena<br>zpevněná cesta „okolo koní“. Město nabídlo cenu, která je bohužel pro majitele neakceptovatelná,<br>takže je nutné vyjednat podmínky, které budou pro obě strany přijatelné. Vaši zastupitelé za KDU</p>



<p>2024 – kontrola plnění úkolů zastupitelstva. Podařilo se prosadit, že ze zápisů jednání jednotlivých<br>zastupitelstev bude pořízen i soupis úkolů, které budou vždy na začátku jednání zastupitelstva<br>kontrolovány. Vaši zastupitelé za KDU</p>



<p>2024 – Úklid Ivanovic. Naši zastupitelé již ihned po zvolení do zastupitelstva MČ Brno – Ivanovice<br>připravili koncepci úklidu v&nbsp;naší městské části viz sekce našeho webu koncepce a návrhy, ale stávající<br>vedení celkový úklid nepovažuje za důležitý. Nakonec se v&nbsp;roce 2024 podařilo jarní úklid zajistit<br>externí firmou SLUŽBY MINKS s.r.o. Vaši zastupitelé za KDU</p>



<p>2023 – Chodník k&nbsp;Jezerůvkám. J. Šumbera zajistil dohodu s&nbsp;vlastníky pozemku parcela číslo 1035/92<br>k.ú. Ivanovive o prodeji části pozemku, aby bylo možné dokončení chodníku mezi ulicemi U Křížku a<br>Jezerůvky. Bohužel chodník mezi ulicemi U Křížku a Jezerůvky nebylo možné dokončit, jelikož byl<br>v&nbsp;soukromém vlastnictví. J. Šumberovi se podařilo dohodnout s&nbsp;vlastníky na částečném odprodeji<br>pozemku, který je již nyní ve vlastnictví města Brna a bude tak možné chodník dokončit. Vaši<br>zastupitelé za KDU</p>



<p></p>



<figure class="wp-block-image size-full is-resized"><img loading="lazy" decoding="async" width="945" height="757" src="https://kdu-ivanovice.cz/wp-content/uploads/2025/04/image.png" alt="" class="wp-image-186" style="width:856px;height:auto" srcset="https://kdu-ivanovice.cz/wp-content/uploads/2025/04/image.png 945w, https://kdu-ivanovice.cz/wp-content/uploads/2025/04/image-300x240.png 300w, https://kdu-ivanovice.cz/wp-content/uploads/2025/04/image-768x615.png 768w" sizes="auto, (max-width: 945px) 100vw, 945px" /></figure>



<p>2023 – Úprava odstavné plochy na ulici Řečkovická. Obyvatelé ulice Řečkovická se obrátili na úřad MČ<br>Ivanovice s&nbsp;žádostí o revitalizaci plochy vpravo vedle komunikace na ulici Řečkovická ve směru od u<br>Ivanovic k&nbsp;přivaděči. Bohužel jejich žádost nebyla vyslyšena, proto zastupitelé KDU zajistili souhlas na<br>jednání zastupitelstva 21.6.2023, aby mohli obyvatelé svépomoci vysázet keře a trávu na jižní svah při<br>této ulici. Nyní tam již neparkují auta a není plocha využívána jako odpadkový koš. Tímto také<br>děkujeme obyvatelům ulice Řečkovická, že zkrášlili okolí vjezdu do Ivanovic. Vaši zastupitelé za KDU</p>



<figure class="wp-block-image size-full is-resized"><img loading="lazy" decoding="async" width="881" height="472" src="https://kdu-ivanovice.cz/wp-content/uploads/2025/04/image-1.png" alt="" class="wp-image-187" style="width:872px;height:auto" srcset="https://kdu-ivanovice.cz/wp-content/uploads/2025/04/image-1.png 881w, https://kdu-ivanovice.cz/wp-content/uploads/2025/04/image-1-300x161.png 300w, https://kdu-ivanovice.cz/wp-content/uploads/2025/04/image-1-768x411.png 768w" sizes="auto, (max-width: 881px) 100vw, 881px" /></figure>



<p>2023 – Rekonstrukce obecní hospody v&nbsp;Keramáku. Na základě podnětů zastupitelů KDU bylo<br>ustoupeno od úpravy uvedených prostor pro ubytování Ukrajinských uprchlíků a prostory se upravily<br>pro potřeby občanů, kroužků apod. Vaši zastupitelé za KDU</p>



<p>2023 – Příprava rekonstrukce ulice Hatě. Zastupitelům KDU se podařilo dohodnout zaměření ulice<br>Hatě, jako nutný předpoklad pro přípravu projektové dokumentace pro rekonstrukci ulice Hatě. Vaši<br>zastupitelé za KDU</p>



<p>2023 – Rekonstrukce ulice Jezerůvky. Uvolnění blokace pozemků na ulici Jezerůvky, aby mohla být<br>provedena rekonstrukce povrchu komunikace na ulici Jezerůvky. J. Šumbera dohodnul s&nbsp;původním<br>majitelem pozemku p.č. 1127/2 převod pozemku do majetku města Brna a tím došlo k&nbsp;odblokování<br>možnosti dokončit finální povrch komunikace. My jsme uvolnili možnost dokončení povrchu<br>komunikace, teď je na vedení radnice, jestli zajistí opravu této komunikace. Pokud nebude zajištěno,<br>tak se o to opět postaráme. Vaši zastupitelé za KDU</p>



<figure class="wp-block-image size-full is-resized"><img loading="lazy" decoding="async" width="944" height="489" src="https://kdu-ivanovice.cz/wp-content/uploads/2025/04/image-2.png" alt="" class="wp-image-188" style="width:852px;height:auto" srcset="https://kdu-ivanovice.cz/wp-content/uploads/2025/04/image-2.png 944w, https://kdu-ivanovice.cz/wp-content/uploads/2025/04/image-2-300x155.png 300w, https://kdu-ivanovice.cz/wp-content/uploads/2025/04/image-2-768x398.png 768w" sizes="auto, (max-width: 944px) 100vw, 944px" /></figure>

<p>2025 – Rekonstrukce ulice Hatě. Studie rekonstrukce ulice Hatě od ulice Fedrova po Českou. Jižv roce 2023 jsme navrhovali, aby byla provedena studie rekonstrukce ulice Hatě (nebylo schváleno nazastupitelstvu 06/2023). V letošním roce (2025) se podařilo vypsat výběrové řízení na studiirekonstrukce Hatě. Podmínkou pro rekonstrukci je odkup soukromých pozemků včetně pozemků,které vlastní obec Česká. Jednání o odkupu&hellip;&nbsp;<a href="https://kdu-ivanovice.cz/?page_id=185" class="" rel="bookmark">Číst dále &raquo;<span class="screen-reader-text">Co se podařilo Vašim zastupitelům za KDU &#8211; ČSL</span></a></p>
